{"version":"1.0","provider_name":"Kreat\u00edv \u00d6tletek","provider_url":"https:\/\/otletes.cafeblog.hu","author_name":"Edysh","author_url":"https:\/\/otletes.cafeblog.hu\/author\/edysh\/","title":"\u00dcvegbe z\u00e1rt eml\u00e9kek","html":"<a href=\"https:\/\/otletes.cafeblog.hu\/files\/2014\/05\/nyaral\u00f3s-\u00fcveg.jpg\"><img class=\"alignleft wp-image-2868 size-medium\" src=\"https:\/\/otletes.cafeblog.hu\/files\/2014\/05\/nyaral\u00f3s-\u00fcveg-211x300.jpg\" alt=\"nyaral\u00f3s \u00fcveg\" width=\"211\" height=\"300\" \/><\/a>\u00a0Egyik kedves olvas\u00f3m k\u00e9r\u00e9se volt, hogy legyen ennek az \u00f6tletnek le\u00edr\u00e1sa, miut\u00e1n k\u00f6zz\u00e9tettem a blog facebook oldal\u00e1n, b\u00e1r az \u00f6tlet nagyon hasonl\u00f3 egy r\u00e9gebben megosztott bejegyz\u00e9shez, gondoltam eleget teszek kedves olvas\u00f3m k\u00e9r\u00e9s\u00e9nek!\r\n\r\n&nbsp;\r\n\r\nHa \u00e9rdekel a folytat\u00e1s olvass tov\u00e1bb!\r\n\r\n&nbsp;\r\n\r\nM\u00e9g t\u00f6bb \u00f6tlet\u00e9rt l\u00e1jkold a blog facebook oldal\u00e1t!\r\n\r\n&nbsp;\r\n\r\n&nbsp;\r\n\r\n&nbsp;\r\n\r\n&nbsp;\r\n\r\n&nbsp;\r\n\r\n<!--more-->\r\n\r\n&nbsp;\r\n\r\n&nbsp;\r\n\r\nAlapanyagok:\r\n\u00dcveg (j\u00f3 a bef\u0151ttes \u00fcveg is a l\u00e9nyeg, hogy nagyobb \u00fcveget v\u00e1lasszunk)\r\nHurkap\u00e1lca\r\nHomok\r\nNyaral\u00e1sr\u00f3l kis m\u00e9retben nyomtatott f\u00e9nyk\u00e9pek \u00e9s a nyaral\u00e1ssal kapcsolatos szuven\u00edrek\r\nRagaszt\u00f3\r\n\r\n&nbsp;\r\n\r\nElk\u00e9sz\u00edt\u00e9s\u00e9hez sajnos k\u00e9peket nem tudtam hozni, mert nem tal\u00e1ltam, de az elk\u00e9sz\u00edt\u00e9se val\u00f3j\u00e1ban nagyon egyszer\u0171!\r\nA k\u00e9pek h\u00e1toldal\u00e1ra hurkap\u00e1lc\u00e1t ragasztunk!\r\nA bef\u0151ttes \u00fcveget alapos tiszt\u00edt\u00e1s ut\u00e1n felt\u00f6ltj\u00fck homokkal majd a hurkap\u00e1lc\u00e1s k\u00e9peket belesz\u00farjuk!\r\nRakhatunk m\u00e9g az \u00fcvegbe kagyl\u00f3kat \u00e9s kisebb szuven\u00edreket, amiket a nyaral\u00e1sunkr\u00f3l hoztunk!\r\n\r\n&nbsp;\r\n<h6><a href=\"http:\/\/www.goodshomedesign.com\/diy-memories-jar\/\">K\u00e9p forr\u00e1sa<\/a><\/h6>","type":"rich","thumbnail_url":"https:\/\/otletes.cafeblog.hu\/files\/2014\/05\/nyaral\u00f3s-\u00fcveg-150x150.jpg","thumbnail_width":150,"thumbnail_height":150}

Kreatív Ötletek

Üvegbe zárt emlékek

<a href="https://otletes.cafeblog.hu/files/2014/05/nyaralós-üveg.jpg"><img class="alignleft wp-image-2868 size-medium" src="https://otletes.cafeblog.hu/files/2014/05/nyaralós-üveg-211x300.jpg" alt="nyaralós üveg" width="211" height="300" /></a> Egyik kedves olvasóm kérése volt, hogy legyen ennek az ötletnek leírása, miután közzétettem a blog facebook oldalán, bár az ötlet nagyon hasonló egy régebben megosztott bejegyzéshez, gondoltam eleget teszek kedves olvasóm kérésének!

&nbsp;

Ha érdekel a folytatás olvass tovább!

&nbsp;

Még több ötletért lájkold a blog facebook oldalát!

&nbsp;

&nbsp;

&nbsp;

&nbsp;

&nbsp;

<!--more-->

&nbsp;

&nbsp;

Alapanyagok:
Üveg (jó a befőttes üveg is a lényeg, hogy nagyobb üveget válasszunk)
Hurkapálca
Homok
Nyaralásról kis méretben nyomtatott fényképek és a nyaralással kapcsolatos szuvenírek
Ragasztó

&nbsp;

Elkészítéséhez sajnos képeket nem tudtam hozni, mert nem találtam, de az elkészítése valójában nagyon egyszerű!
A képek hátoldalára hurkapálcát ragasztunk!
A befőttes üveget alapos tisztítás után feltöltjük homokkal majd a hurkapálcás képeket beleszúrjuk!
Rakhatunk még az üvegbe kagylókat és kisebb szuveníreket, amiket a nyaralásunkról hoztunk!

&nbsp;
<h6><a href="http://www.goodshomedesign.com/diy-memories-jar/">Kép forrása</a></h6>

https://otletes.cafeblog.hu/files/2014/05/nyaralós-üveg-150x150.jpg
